{"id":2119,"date":"2024-02-01T13:27:52","date_gmt":"2024-02-01T13:27:52","guid":{"rendered":"https:\/\/riedmuehli.ch\/?page_id=2119"},"modified":"2024-02-01T13:58:17","modified_gmt":"2024-02-01T13:58:17","slug":"die-raeume","status":"publish","type":"page","link":"https:\/\/riedmuehli.ch\/?page_id=2119","title":{"rendered":"Die R\u00e4ume"},"content":{"rendered":"\n<div class=\"wp-block-uagb-container uagb-block-30609cfb alignfull uagb-is-root-container\"><div class=\"uagb-container-inner-blocks-wrap\">\n<div class=\"wp-block-uagb-container uagb-block-70d2625d alignfull uagb-is-root-container\"><div class=\"uagb-container-inner-blocks-wrap\">\n<h1 class=\"wp-block-heading has-text-align-center\"><mark style=\"background-color:rgba(0, 0, 0, 0)\" class=\"has-inline-color has-ast-global-color-4-color\">Ein Ort zum Verweilen<\/mark><\/h1>\n<\/div><\/div>\n<\/div><\/div>\n\n\n\n<div style=\"height:100px\" aria-hidden=\"true\" class=\"wp-block-spacer\"><\/div>\n\n\n\n<figure class=\"wp-block-image aligncenter size-full is-resized\"><img loading=\"lazy\" decoding=\"async\" width=\"366\" height=\"283\" src=\"https:\/\/riedmuehli.ch\/wp-content\/uploads\/2023\/01\/Riedmuehle-Logo1-weiss-1-e1673242748563.png\" alt=\"\" class=\"wp-image-1601\" style=\"width:150px\" srcset=\"https:\/\/riedmuehli.ch\/wp-content\/uploads\/2023\/01\/Riedmuehle-Logo1-weiss-1-e1673242748563.png 366w, https:\/\/riedmuehli.ch\/wp-content\/uploads\/2023\/01\/Riedmuehle-Logo1-weiss-1-e1673242748563-300x232.png 300w\" sizes=\"auto, (max-width: 366px) 100vw, 366px\" \/><\/figure>\n\n\n\n<h4 class=\"wp-block-heading has-text-align-center\">Die Riedm\u00fchle<\/h4>\n\n\n\n<hr class=\"wp-block-separator has-text-color has-white-color has-alpha-channel-opacity has-white-background-color has-background is-style-wide\"\/>\n\n\n\n<div style=\"height:54px\" aria-hidden=\"true\" class=\"wp-block-spacer\"><\/div>\n\n\n\n<div class=\"wp-block-columns is-layout-flex wp-container-core-columns-is-layout-28f84493 wp-block-columns-is-layout-flex\">\n<div class=\"wp-block-column is-layout-flow wp-block-column-is-layout-flow\">\n<h5 class=\"wp-block-heading has-text-align-center\">Gaststube<\/h5>\n\n\n\n<figure class=\"wp-block-image aligncenter size-full has-custom-border is-style-rounded\"><img loading=\"lazy\" decoding=\"async\" width=\"1200\" height=\"800\" src=\"https:\/\/riedmuehli.ch\/wp-content\/uploads\/2024\/01\/WhatsApp-Bild-2024-01-29-um-13.52.29_9b39d7f1-edited-1.jpg\" alt=\"\" class=\"wp-image-2084\" style=\"border-radius:24px\" srcset=\"https:\/\/riedmuehli.ch\/wp-content\/uploads\/2024\/01\/WhatsApp-Bild-2024-01-29-um-13.52.29_9b39d7f1-edited-1.jpg 1200w, https:\/\/riedmuehli.ch\/wp-content\/uploads\/2024\/01\/WhatsApp-Bild-2024-01-29-um-13.52.29_9b39d7f1-edited-1-300x200.jpg 300w, https:\/\/riedmuehli.ch\/wp-content\/uploads\/2024\/01\/WhatsApp-Bild-2024-01-29-um-13.52.29_9b39d7f1-edited-1-1024x683.jpg 1024w, https:\/\/riedmuehli.ch\/wp-content\/uploads\/2024\/01\/WhatsApp-Bild-2024-01-29-um-13.52.29_9b39d7f1-edited-1-768x512.jpg 768w\" sizes=\"auto, (max-width: 1200px) 100vw, 1200px\" \/><\/figure>\n\n\n\n<h6 class=\"wp-block-heading has-text-align-center\"><mark style=\"background-color:rgba(0, 0, 0, 0)\" class=\"has-inline-color has-ast-global-color-0-color\">Lassen Sie es sich so\u00a0richtig gut gehen.<\/mark><\/h6>\n\n\n\n<p class=\"has-text-align-left\">In  unserem kleinen und heimeligen Restaurant mit altem Kachelofen liegt Gem\u00fctlichkeit in der Luft. <\/p>\n<\/div>\n\n\n\n<div class=\"wp-block-column is-layout-flow wp-block-column-is-layout-flow\">\n<h5 class=\"wp-block-heading has-text-align-center\">M\u00fclis\u00e4li<\/h5>\n\n\n\n<figure class=\"wp-block-image aligncenter size-full has-custom-border\"><img loading=\"lazy\" decoding=\"async\" width=\"1350\" height=\"900\" src=\"https:\/\/riedmuehli.ch\/wp-content\/uploads\/2024\/01\/WhatsApp-Bild-2024-01-29-um-13.52.30_fa3ca69c-edited.jpg\" alt=\"\" class=\"wp-image-2086\" style=\"border-radius:24px\" srcset=\"https:\/\/riedmuehli.ch\/wp-content\/uploads\/2024\/01\/WhatsApp-Bild-2024-01-29-um-13.52.30_fa3ca69c-edited.jpg 1350w, https:\/\/riedmuehli.ch\/wp-content\/uploads\/2024\/01\/WhatsApp-Bild-2024-01-29-um-13.52.30_fa3ca69c-edited-300x200.jpg 300w, https:\/\/riedmuehli.ch\/wp-content\/uploads\/2024\/01\/WhatsApp-Bild-2024-01-29-um-13.52.30_fa3ca69c-edited-1024x683.jpg 1024w, https:\/\/riedmuehli.ch\/wp-content\/uploads\/2024\/01\/WhatsApp-Bild-2024-01-29-um-13.52.30_fa3ca69c-edited-768x512.jpg 768w\" sizes=\"auto, (max-width: 1350px) 100vw, 1350px\" \/><\/figure>\n\n\n\n<h6 class=\"wp-block-heading has-text-align-center\"><mark style=\"background-color:rgba(0, 0, 0, 0)\" class=\"has-inline-color has-ast-global-color-0-color\">Immer der passende Rahmen.<\/mark><\/h6>\n\n\n\n<p>Das M\u00fchlis\u00e4li im&nbsp;Obergeschoss fasst 48 Personen. Es eignet sich f\u00fcr Sitzungen und Anl\u00e4sse jeder Art.<\/p>\n\n\n\n<p>Ob Hochzeit, Taufe, Geburtstag, Kommunion, Konfirmation &#8211; wir sind &#8222;gr\u00fcschtet&#8220; f\u00fcr Sie.<\/p>\n<\/div>\n\n\n\n<div class=\"wp-block-column is-layout-flow wp-block-column-is-layout-flow\">\n<h5 class=\"wp-block-heading has-text-align-center\">M\u00fclich\u00e4ller<\/h5>\n\n\n\n<figure class=\"wp-block-image aligncenter size-full has-custom-border\"><img loading=\"lazy\" decoding=\"async\" width=\"550\" height=\"368\" src=\"https:\/\/riedmuehli.ch\/wp-content\/uploads\/2023\/01\/Keller.jpg\" alt=\"\" class=\"wp-image-1775\" style=\"border-radius:24px\" srcset=\"https:\/\/riedmuehli.ch\/wp-content\/uploads\/2023\/01\/Keller.jpg 550w, https:\/\/riedmuehli.ch\/wp-content\/uploads\/2023\/01\/Keller-300x201.jpg 300w\" sizes=\"auto, (max-width: 550px) 100vw, 550px\" \/><\/figure>\n\n\n\n<h6 class=\"wp-block-heading has-text-align-center\"><mark style=\"background-color:rgba(0, 0, 0, 0)\" class=\"has-inline-color has-ast-global-color-0-color\">Wo sich Feste feiern <\/mark><br><mark style=\"background-color:rgba(0, 0, 0, 0)\" class=\"has-inline-color has-ast-global-color-0-color\">wie sie fallen.<\/mark><\/h6>\n\n\n\n<p>Der M\u00fchlich\u00e4ller Im Erdgeschoss fasst 24 Personen f\u00fcr Ihr Fest, oder f\u00fcr unseren \u00e0 la carte Service. <\/p>\n\n\n\n<p>Der Raum ist von November&nbsp;bis ca. M\u00e4rz geschlossen.<\/p>\n<\/div>\n\n\n\n<div class=\"wp-block-column is-layout-flow wp-block-column-is-layout-flow\">\n<h5 class=\"wp-block-heading has-text-align-center\">Garten<\/h5>\n\n\n\n<figure class=\"wp-block-image aligncenter size-full has-custom-border\"><img loading=\"lazy\" decoding=\"async\" width=\"550\" height=\"368\" src=\"https:\/\/riedmuehli.ch\/wp-content\/uploads\/2023\/01\/1561047355restaurant-riedmuhli-1.jpg\" alt=\"\" class=\"wp-image-1776\" style=\"border-radius:24px\" srcset=\"https:\/\/riedmuehli.ch\/wp-content\/uploads\/2023\/01\/1561047355restaurant-riedmuhli-1.jpg 550w, https:\/\/riedmuehli.ch\/wp-content\/uploads\/2023\/01\/1561047355restaurant-riedmuhli-1-300x201.jpg 300w\" sizes=\"auto, (max-width: 550px) 100vw, 550px\" \/><\/figure>\n\n\n\n<h6 class=\"wp-block-heading has-text-align-center\"><mark style=\"background-color:rgba(0, 0, 0, 0)\" class=\"has-inline-color has-ast-global-color-0-color\">Lassen Sie die Seele baumeln.<\/mark><\/h6>\n\n\n\n<p class=\"has-text-align-left\">Im Garten finden Sie immer ein Schattenpl\u00e4tzchen.<\/p>\n<\/div>\n<\/div>\n\n\n\n<div style=\"height:121px\" aria-hidden=\"true\" class=\"wp-block-spacer\"><\/div>\n","protected":false},"excerpt":{"rendered":"<p>Ein Ort zum Verweilen Die Riedm\u00fchle Gaststube Lassen Sie es sich so\u00a0richtig gut gehen. In unserem kleinen und heimeligen Restaurant mit altem Kachelofen liegt Gem\u00fctlichkeit in der Luft. M\u00fclis\u00e4li Immer der passende Rahmen. Das M\u00fchlis\u00e4li im&nbsp;Obergeschoss fasst 48 Personen. Es eignet sich f\u00fcr Sitzungen und Anl\u00e4sse jeder Art. Ob Hochzeit, Taufe, Geburtstag, Kommunion, Konfirmation &#8211; [&hellip;]<\/p>\n","protected":false},"author":1,"featured_media":0,"parent":0,"menu_order":1,"comment_status":"closed","ping_status":"closed","template":"","meta":{"_uag_custom_page_level_css":"","site-sidebar-layout":"no-sidebar","site-content-layout":"plain-container","ast-site-content-layout":"default","site-content-style":"default","site-sidebar-style":"default","ast-global-header-display":"","ast-banner-title-visibility":"","ast-main-header-display":"","ast-hfb-above-header-display":"","ast-hfb-below-header-display":"","ast-hfb-mobile-header-display":"","site-post-title":"disabled","ast-breadcrumbs-content":"","ast-featured-img":"disabled","footer-sml-layout":"","ast-disable-related-posts":"","theme-transparent-header-meta":"default","adv-header-id-meta":"","stick-header-meta":"","header-above-stick-meta":"","header-main-stick-meta":"","header-below-stick-meta":"","astra-migrate-meta-layouts":"default","ast-page-background-enabled":"default","ast-page-background-meta":{"desktop":{"background-color":"","background-image":"","background-repeat":"repeat","background-position":"center center","background-size":"auto","background-attachment":"scroll","background-type":"","background-media":"","overlay-type":"","overlay-color":"","overlay-opacity":"","overlay-gradient":""},"tablet":{"background-color":"","background-image":"","background-repeat":"repeat","background-position":"center center","background-size":"auto","background-attachment":"scroll","background-type":"","background-media":"","overlay-type":"","overlay-color":"","overlay-opacity":"","overlay-gradient":""},"mobile":{"background-color":"","background-image":"","background-repeat":"repeat","background-position":"center center","background-size":"auto","background-attachment":"scroll","background-type":"","background-media":"","overlay-type":"","overlay-color":"","overlay-opacity":"","overlay-gradient":""}},"ast-content-background-meta":{"desktop":{"background-color":"var(--ast-global-color-5)","background-image":"","background-repeat":"repeat","background-position":"center center","background-size":"auto","background-attachment":"scroll","background-type":"","background-media":"","overlay-type":"","overlay-color":"","overlay-opacity":"","overlay-gradient":""},"tablet":{"background-color":"var(--ast-global-color-5)","background-image":"","background-repeat":"repeat","background-position":"center center","background-size":"auto","background-attachment":"scroll","background-type":"","background-media":"","overlay-type":"","overlay-color":"","overlay-opacity":"","overlay-gradient":""},"mobile":{"background-color":"var(--ast-global-color-5)","background-image":"","background-repeat":"repeat","background-position":"center center","background-size":"auto","background-attachment":"scroll","background-type":"","background-media":"","overlay-type":"","overlay-color":"","overlay-opacity":"","overlay-gradient":""}},"footnotes":""},"class_list":["post-2119","page","type-page","status-publish","hentry"],"aioseo_notices":[],"uagb_featured_image_src":{"full":false,"thumbnail":false,"medium":false,"medium_large":false,"large":false,"ug_big":false,"1536x1536":false,"2048x2048":false},"uagb_author_info":{"display_name":"admin","author_link":"https:\/\/riedmuehli.ch\/?author=1"},"uagb_comment_info":0,"uagb_excerpt":"Ein Ort zum Verweilen Die Riedm\u00fchle Gaststube Lassen Sie es sich so\u00a0richtig gut gehen. In unserem kleinen und heimeligen Restaurant mit altem Kachelofen liegt Gem\u00fctlichkeit in der Luft. M\u00fclis\u00e4li Immer der passende Rahmen. Das M\u00fchlis\u00e4li im&nbsp;Obergeschoss fasst 48 Personen. Es eignet sich f\u00fcr Sitzungen und Anl\u00e4sse jeder Art. Ob Hochzeit, Taufe, Geburtstag, Kommunion, Konfirmation &#8211;&hellip;","_links":{"self":[{"href":"https:\/\/riedmuehli.ch\/index.php?rest_route=\/wp\/v2\/pages\/2119","targetHints":{"allow":["GET"]}}],"collection":[{"href":"https:\/\/riedmuehli.ch\/index.php?rest_route=\/wp\/v2\/pages"}],"about":[{"href":"https:\/\/riedmuehli.ch\/index.php?rest_route=\/wp\/v2\/types\/page"}],"author":[{"embeddable":true,"href":"https:\/\/riedmuehli.ch\/index.php?rest_route=\/wp\/v2\/users\/1"}],"replies":[{"embeddable":true,"href":"https:\/\/riedmuehli.ch\/index.php?rest_route=%2Fwp%2Fv2%2Fcomments&post=2119"}],"version-history":[{"count":5,"href":"https:\/\/riedmuehli.ch\/index.php?rest_route=\/wp\/v2\/pages\/2119\/revisions"}],"predecessor-version":[{"id":2148,"href":"https:\/\/riedmuehli.ch\/index.php?rest_route=\/wp\/v2\/pages\/2119\/revisions\/2148"}],"wp:attachment":[{"href":"https:\/\/riedmuehli.ch\/index.php?rest_route=%2Fwp%2Fv2%2Fmedia&parent=2119"}],"curies":[{"name":"wp","href":"https:\/\/api.w.org\/{rel}","templated":true}]}}

Die Räume

<div class="wp-block-uagb-container uagb-block-30609cfb alignfull uagb-is-root-container"><div class="uagb-container-inner-blocks-wrap">
<div class="wp-block-uagb-container uagb-block-70d2625d alignfull uagb-is-root-container"><div class="uagb-container-inner-blocks-wrap">
<h1 class="wp-block-heading has-text-align-center"><mark style="background-color:rgba(0, 0, 0, 0)" class="has-inline-color has-ast-global-color-4-color">Ein Ort zum Verweilen</mark></h1>
</div></div>
</div></div>



<div style="height:100px" aria-hidden="true" class="wp-block-spacer"></div>



<figure class="wp-block-image aligncenter size-full is-resized"><img loading="lazy" decoding="async" width="366" height="283" src="https://riedmuehli.ch/wp-content/uploads/2023/01/Riedmuehle-Logo1-weiss-1-e1673242748563.png" alt="" class="wp-image-1601" style="width:150px" srcset="https://riedmuehli.ch/wp-content/uploads/2023/01/Riedmuehle-Logo1-weiss-1-e1673242748563.png 366w, https://riedmuehli.ch/wp-content/uploads/2023/01/Riedmuehle-Logo1-weiss-1-e1673242748563-300x232.png 300w" sizes="auto, (max-width: 366px) 100vw, 366px" /></figure>



<h4 class="wp-block-heading has-text-align-center">Die Riedmühle</h4>



<hr class="wp-block-separator has-text-color has-white-color has-alpha-channel-opacity has-white-background-color has-background is-style-wide"/>



<div style="height:54px" aria-hidden="true" class="wp-block-spacer"></div>



<div class="wp-block-columns is-layout-flex wp-container-core-columns-is-layout-28f84493 wp-block-columns-is-layout-flex">
<div class="wp-block-column is-layout-flow wp-block-column-is-layout-flow">
<h5 class="wp-block-heading has-text-align-center">Gaststube</h5>



<figure class="wp-block-image aligncenter size-full has-custom-border is-style-rounded"><img loading="lazy" decoding="async" width="1200" height="800" src="https://riedmuehli.ch/wp-content/uploads/2024/01/WhatsApp-Bild-2024-01-29-um-13.52.29_9b39d7f1-edited-1.jpg" alt="" class="wp-image-2084" style="border-radius:24px" srcset="https://riedmuehli.ch/wp-content/uploads/2024/01/WhatsApp-Bild-2024-01-29-um-13.52.29_9b39d7f1-edited-1.jpg 1200w, https://riedmuehli.ch/wp-content/uploads/2024/01/WhatsApp-Bild-2024-01-29-um-13.52.29_9b39d7f1-edited-1-300x200.jpg 300w, https://riedmuehli.ch/wp-content/uploads/2024/01/WhatsApp-Bild-2024-01-29-um-13.52.29_9b39d7f1-edited-1-1024x683.jpg 1024w, https://riedmuehli.ch/wp-content/uploads/2024/01/WhatsApp-Bild-2024-01-29-um-13.52.29_9b39d7f1-edited-1-768x512.jpg 768w" sizes="auto, (max-width: 1200px) 100vw, 1200px" /></figure>



<h6 class="wp-block-heading has-text-align-center"><mark style="background-color:rgba(0, 0, 0, 0)" class="has-inline-color has-ast-global-color-0-color">Lassen Sie es sich so richtig gut gehen.</mark></h6>



<p class="has-text-align-left">In  unserem kleinen und heimeligen Restaurant mit altem Kachelofen liegt Gemütlichkeit in der Luft. </p>
</div>



<div class="wp-block-column is-layout-flow wp-block-column-is-layout-flow">
<h5 class="wp-block-heading has-text-align-center">Mülisäli</h5>



<figure class="wp-block-image aligncenter size-full has-custom-border"><img loading="lazy" decoding="async" width="1350" height="900" src="https://riedmuehli.ch/wp-content/uploads/2024/01/WhatsApp-Bild-2024-01-29-um-13.52.30_fa3ca69c-edited.jpg" alt="" class="wp-image-2086" style="border-radius:24px" srcset="https://riedmuehli.ch/wp-content/uploads/2024/01/WhatsApp-Bild-2024-01-29-um-13.52.30_fa3ca69c-edited.jpg 1350w, https://riedmuehli.ch/wp-content/uploads/2024/01/WhatsApp-Bild-2024-01-29-um-13.52.30_fa3ca69c-edited-300x200.jpg 300w, https://riedmuehli.ch/wp-content/uploads/2024/01/WhatsApp-Bild-2024-01-29-um-13.52.30_fa3ca69c-edited-1024x683.jpg 1024w, https://riedmuehli.ch/wp-content/uploads/2024/01/WhatsApp-Bild-2024-01-29-um-13.52.30_fa3ca69c-edited-768x512.jpg 768w" sizes="auto, (max-width: 1350px) 100vw, 1350px" /></figure>



<h6 class="wp-block-heading has-text-align-center"><mark style="background-color:rgba(0, 0, 0, 0)" class="has-inline-color has-ast-global-color-0-color">Immer der passende Rahmen.</mark></h6>



<p>Das Mühlisäli im&nbsp;Obergeschoss fasst 48 Personen. Es eignet sich für Sitzungen und Anlässe jeder Art.</p>



<p>Ob Hochzeit, Taufe, Geburtstag, Kommunion, Konfirmation &#8211; wir sind &#8222;grüschtet&#8220; für Sie.</p>
</div>



<div class="wp-block-column is-layout-flow wp-block-column-is-layout-flow">
<h5 class="wp-block-heading has-text-align-center">Mülichäller</h5>



<figure class="wp-block-image aligncenter size-full has-custom-border"><img loading="lazy" decoding="async" width="550" height="368" src="https://riedmuehli.ch/wp-content/uploads/2023/01/Keller.jpg" alt="" class="wp-image-1775" style="border-radius:24px" srcset="https://riedmuehli.ch/wp-content/uploads/2023/01/Keller.jpg 550w, https://riedmuehli.ch/wp-content/uploads/2023/01/Keller-300x201.jpg 300w" sizes="auto, (max-width: 550px) 100vw, 550px" /></figure>



<h6 class="wp-block-heading has-text-align-center"><mark style="background-color:rgba(0, 0, 0, 0)" class="has-inline-color has-ast-global-color-0-color">Wo sich Feste feiern </mark><br><mark style="background-color:rgba(0, 0, 0, 0)" class="has-inline-color has-ast-global-color-0-color">wie sie fallen.</mark></h6>



<p>Der Mühlichäller Im Erdgeschoss fasst 24 Personen für Ihr Fest, oder für unseren à la carte Service. </p>



<p>Der Raum ist von November&nbsp;bis ca. März geschlossen.</p>
</div>



<div class="wp-block-column is-layout-flow wp-block-column-is-layout-flow">
<h5 class="wp-block-heading has-text-align-center">Garten</h5>



<figure class="wp-block-image aligncenter size-full has-custom-border"><img loading="lazy" decoding="async" width="550" height="368" src="https://riedmuehli.ch/wp-content/uploads/2023/01/1561047355restaurant-riedmuhli-1.jpg" alt="" class="wp-image-1776" style="border-radius:24px" srcset="https://riedmuehli.ch/wp-content/uploads/2023/01/1561047355restaurant-riedmuhli-1.jpg 550w, https://riedmuehli.ch/wp-content/uploads/2023/01/1561047355restaurant-riedmuhli-1-300x201.jpg 300w" sizes="auto, (max-width: 550px) 100vw, 550px" /></figure>



<h6 class="wp-block-heading has-text-align-center"><mark style="background-color:rgba(0, 0, 0, 0)" class="has-inline-color has-ast-global-color-0-color">Lassen Sie die Seele baumeln.</mark></h6>



<p class="has-text-align-left">Im Garten finden Sie immer ein Schattenplätzchen.</p>
</div>
</div>



<div style="height:121px" aria-hidden="true" class="wp-block-spacer"></div>

<p>Ein Ort zum Verweilen Die Riedmühle Gaststube Lassen Sie es sich so richtig gut gehen. In unserem kleinen und heimeligen Restaurant mit altem Kachelofen liegt Gemütlichkeit in der Luft. Mülisäli Immer der passende Rahmen. Das Mühlisäli im&nbsp;Obergeschoss fasst 48 Personen. Es eignet sich für Sitzungen und Anlässe jeder Art. Ob Hochzeit, Taufe, Geburtstag, Kommunion, Konfirmation &#8211; [&hellip;]</p>

Ein Ort zum Verweilen Die Riedmühle Gaststube Lassen Sie es sich so richtig gut gehen. In unserem kleinen und heimeligen Restaurant mit altem Kachelofen liegt Gemütlichkeit in der Luft. Mülisäli Immer der passende Rahmen. Das Mühlisäli im&nbsp;Obergeschoss fasst 48 Personen. Es eignet sich für Sitzungen und Anlässe jeder Art. Ob Hochzeit, Taufe, Geburtstag, Kommunion, Konfirmation &#8211;&hellip;
